{"id":6103,"date":"2015-11-05T10:41:45","date_gmt":"2015-11-05T10:41:45","guid":{"rendered":"https:\/\/ibergas.net\/?page_id=6103"},"modified":"2023-07-07T10:41:58","modified_gmt":"2023-07-07T10:41:58","slug":"nuevas-tecnologia-hidrogeno","status":"publish","type":"page","link":"https:\/\/ibergas.net\/index.php\/nuevas-tecnologia-hidrogeno\/","title":{"rendered":"Nuevas tecnolog\u00edas de hidr\u00f3geno"},"content":{"rendered":"<p>[vc_row row_type=\u00bbparallax\u00bb content_width=\u00bbgrid\u00bb full_screen_section_height=\u00bbyes\u00bb vertically_align_content_in_middle=\u00bbyes\u00bb parallax_background_image=\u00bb6543&#8243;][vc_column width=\u00bb7\/12&#8243;]\n<div class=\"qodef-custom-font-holder\" style=\"font-family: Raleway;font-size: 70px;line-height: 83px;font-weight: 600;letter-spacing: 0px;color: #212121\" data-font-size= 70 data-line-height= 83>\n\tHidr\u00f3geno<\/div>[vc_empty_space height=\u00bb24px\u00bb]\n<div class=\"qodef-custom-font-holder\" style=\"font-family: Raleway;font-size: 24px;line-height: 35px;font-weight: 400;letter-spacing: 0px;color: #5f5f5f\" data-font-size= 24 data-line-height= 35>\n\tLa nueva tecnolog\u00eda de hidr\u00f3geno<\/div>[vc_empty_space height=\u00bb39px\u00bb][\/vc_column][vc_column width=\u00bb5\/12&#8243;][\/vc_column][\/vc_row][vc_row row_type=\u00bbparallax\u00bb content_width=\u00bbgrid\u00bb content_aligment=\u00bbcenter\u00bb full_screen_section_height=\u00bbno\u00bb css=\u00bb.vc_custom_1688724772399{padding-top: 135px !important;padding-bottom: 128px !important;background-image: url(https:\/\/ibergas.net\/wp-content\/uploads\/2023\/07\/hidro-copia.png?id=6569) !important;background-position: center !important;background-repeat: no-repeat !important;background-size: cover !important;}\u00bb][vc_column width=\u00bb1\/2&#8243;][\/vc_column][vc_column width=\u00bb1\/12&#8243; offset=\u00bbvc_col-md-6&#8243;][vc_column_text]<\/p>\n<h2>Energ\u00eda limpia y sostenible<\/h2>\n<p>[\/vc_column_text][vc_empty_space height=\u00bb22px\u00bb][vc_column_text]<\/p>\n<h4>Los motores de hidr\u00f3geno y las pilas de combustible son tecnolog\u00edas prometedoras en el campo de la energ\u00eda limpia y la movilidad sostenible.<\/h4>\n<p>[\/vc_column_text][vc_empty_space][vc_empty_space height=\u00bb40px\u00bb][\/vc_column][\/vc_row][vc_row content_width=\u00bbgrid\u00bb content_aligment=\u00bbcenter\u00bb css=\u00bb.vc_custom_1446820095407{padding-top: 117px !important;padding-bottom: 39px !important;background-image: url(http:\/\/startit.select-themes.com\/wp-content\/uploads\/2015\/11\/eccommerce-Background-5.jpg?id=2674) !important;background-position: center !important;background-repeat: no-repeat !important;background-size: cover !important;}\u00bb][vc_column][vc_empty_space height=\u00bb22px\u00bb][vc_column_text]<\/p>\n<h4>Un motor de hidr\u00f3geno es un dispositivo que utiliza hidr\u00f3geno como cumbustible para generar energ\u00eda mec\u00e1nica, similar a un motor de combusti\u00f3n interna, pero sin emisiones de gases contaminantes. El hidr\u00f3geno puede ser producido a partir de diversas fuentes, como agua, gas natural o energ\u00eda renovable.<\/h4>\n<p>[\/vc_column_text][vc_empty_space height=\u00bb130px\u00bb]<div class=\"qodef-elements-holder qodef-two-columns qodef-responsive-mode-768\" ><div class=\"qodef-elements-holder-item qodef-vertical-alignment-middle qodef-horizontal-alignment-left\" >\n\t<div class=\"qodef-elements-holder-item-inner\">\n\t\t<div class=\"qodef-elements-holder-item-content qodef-elements-holder-custom-670709\" >\n\t\t\t\t\t\t[vc_column_text]<\/p>\n<h4>Por otro lado, las pilas de combustible son dispositivos electroqu\u00edmicos que convierten directamente la energ\u00eda qu\u00edmica del hidr\u00f3geno y el ox\u00edgeno en electricidad y calor. Funcionan mediante la reacci\u00f3n de oxidaci\u00f3n del hidr\u00f3geno en el \u00e1nodo y la reducci\u00f3n del ox\u00edgeno en el c\u00e1todo, generando electricidad y agua como \u00fanico subproducto. Las pilas de combustibles son altamente eficientes y pueden utilizarse en aplicaciones estacionarias y de transporte.<\/h4>\n<p>[\/vc_column_text]\t\t<\/div>\n\t<\/div>\n<\/div><div class=\"qodef-elements-holder-item qodef-vertical-alignment-middle qodef-horizontal-alignment-left\" >\n\t<div class=\"qodef-elements-holder-item-inner\">\n\t\t<div class=\"qodef-elements-holder-item-content qodef-elements-holder-custom-992603\" >\n\t\t\t\t\t\t[vc_single_image image=\u00bb6586&#8243; img_size=\u00bbfull\u00bb alignment=\u00bbcenter\u00bb]\t\t<\/div>\n\t<\/div>\n<\/div><\/div>[\/vc_column][\/vc_row][vc_row content_width=\u00bbgrid\u00bb content_aligment=\u00bbcenter\u00bb css=\u00bb.vc_custom_1446723445717{padding-top: 103px !important;padding-bottom: 42px !important;}\u00bb][vc_column][vc_column_text]<\/p>\n<h2>Tenemos que exforzarnos por un mundo mejor&#8230;<\/h2>\n<p>[\/vc_column_text][vc_empty_space height=\u00bb22px\u00bb][vc_column_text]<\/p>\n<h4>Ambas tecnolog\u00edas presentan ventajas significativas, como cero emisiones de gases de efecto inverenadero, mayor eficiencia energ\u00e9tica y reducci\u00f3n de la dependencia de los combustibles f\u00f3siles. Sin embargo, a\u00fan existen desaf\u00edos importantes, como el almacenamiento y distribuci\u00f3n del hidr\u00f3geno, la infraestructura de recarga y los costos asociados. A pesar de ello, los motores de hidr\u00f3geno y las pilas de comubistible contin\u00faan siendo investigados y desarrolados para contribuir a un futuro m\u00e1s sostenible y limpio.<\/h4>\n<p>[\/vc_column_text][vc_empty_space height=\u00bb40px\u00bb][\/vc_column][\/vc_row][vc_row content_width=\u00bbgrid\u00bb content_aligment=\u00bbcenter\u00bb][vc_column]<div class=\"qodef-elements-holder qodef-responsive-mode-768\" ><div class=\"qodef-elements-holder-item qodef-vertical-alignment-bottom qodef-horizontal-alignment-center\" >\n\t<div class=\"qodef-elements-holder-item-inner\">\n\t\t<div class=\"qodef-elements-holder-item-content qodef-elements-holder-custom-321817\" style=\"padding: 0 0 0 0\">\n\t\t\t\t\t\t[vc_single_image image=\u00bb6584&#8243; img_size=\u00bbfull\u00bb alignment=\u00bbcenter\u00bb css_animation=\u00bbbottom-to-top\u00bb]\t\t<\/div>\n\t<\/div>\n<\/div><\/div>[\/vc_column][\/vc_row][vc_row css=\u00bb.vc_custom_1688726515941{background-image: url(https:\/\/ibergas.net\/wp-content\/uploads\/2023\/06\/28287-azul-oscuro1.png?id=6220) !important;}\u00bb][vc_column][vc_empty_space height=\u00bb45px\u00bb]\n\n\t<div class=\"qodef-call-to-action normal\">\n\n\t\t\t\t<div class=\"qodef-container-inner\">\n\t\t\t\t\t<div class=\"qodef-call-to-action-row-75-25 clearfix\" style=\"padding: 54px 0px;\">\n\t\t\n\t\t\t\t<div class=\"qodef-text-wrapper qodef-call-to-action-column1 qodef-call-to-action-cell\">\n\n\t\t\t\t\n\t\t\t\t\t<div class=\"qodef-call-to-action-text\" >\n\t\t\t\t\t\t\n<h1><span style=\"color: #ffffff;\">\u00a1Obt\u00e9n asesoramiento gratuito!<\/span><\/h1>\n<h1><strong style=\"color: #ffffff; font-size: 16px;\">Contacte ahora con nuestro departamento t\u00e9cnico<\/strong><\/h1>\n<h1><\/h1>\n<h1><\/h1>\n\t\t\t\t\t<\/div>\n\n\t\t\t\t<\/div>\n\n\t\t\t\t\n\t\t\t\t\t<div class=\"qodef-button-wrapper qodef-call-to-action-column2 qodef-call-to-action-cell\" style =\"text-align: right ;\">\n\n\t\t\t\t\t\t<a href=\"https:\/\/ibergas.net\/index.php\/contacto\/\" target=\"_self\" style=\"color: #ffffff\" class=\"qodef-btn qodef-btn-medium qodef-btn-outline qodef-btn-custom-border-hover qodef-btn-custom-hover-color qodef-btn-icon\" data-hover-color=\"#ffffff\" data-hover-border-color=\"#ffffff\" >        <span class=\"qodef-btn-text\">Contactar ahora<\/span>    <span class=\"qodef-btn-text-icon\"><i class=\"qodef-icon-simple-line-icon icon-arrow-right-circle \" ><\/i><\/span><\/a>\n\t\t\t\t\t<\/div>\n\n\t\t\t\t\n\t\t\t<\/div>\n\n\t\t\t\t<\/div>\n\t\t\n\t<\/div>\n\n[vc_empty_space height=\u00bb60px\u00bb][\/vc_column][\/vc_row]<\/p>\n","protected":false},"excerpt":{"rendered":"<p>[vc_row row_type=\u00bbparallax\u00bb content_width=\u00bbgrid\u00bb full_screen_section_height=\u00bbyes\u00bb vertically_align_content_in_middle=\u00bbyes\u00bb parallax_background_image=\u00bb6543&#8243;][vc_column width=\u00bb7\/12&#8243;][vc_empty_space height=\u00bb24px\u00bb][vc_empty_space height=\u00bb39px\u00bb][\/vc_column][vc_column width=\u00bb5\/12&#8243;][\/vc_column][\/vc_row][vc_row row_type=\u00bbparallax\u00bb content_width=\u00bbgrid\u00bb content_aligment=\u00bbcenter\u00bb full_screen_section_height=\u00bbno\u00bb css=\u00bb.vc_custom_1688724772399{padding-top: 135px !important;padding-bottom: 128px !important;background-image: url(https:\/\/ibergas.net\/wp-content\/uploads\/2023\/07\/hidro-copia.png?id=6569) !important;background-position:&#8230;<\/p>\n","protected":false},"author":1,"featured_media":0,"parent":0,"menu_order":0,"comment_status":"closed","ping_status":"closed","template":"full-width.php","meta":{"footnotes":""},"class_list":["post-6103","page","type-page","status-publish","hentry"],"_links":{"self":[{"href":"https:\/\/ibergas.net\/index.php\/wp-json\/wp\/v2\/pages\/6103","targetHints":{"allow":["GET"]}}],"collection":[{"href":"https:\/\/ibergas.net\/index.php\/wp-json\/wp\/v2\/pages"}],"about":[{"href":"https:\/\/ibergas.net\/index.php\/wp-json\/wp\/v2\/types\/page"}],"author":[{"embeddable":true,"href":"https:\/\/ibergas.net\/index.php\/wp-json\/wp\/v2\/users\/1"}],"replies":[{"embeddable":true,"href":"https:\/\/ibergas.net\/index.php\/wp-json\/wp\/v2\/comments?post=6103"}],"version-history":[{"count":38,"href":"https:\/\/ibergas.net\/index.php\/wp-json\/wp\/v2\/pages\/6103\/revisions"}],"predecessor-version":[{"id":6591,"href":"https:\/\/ibergas.net\/index.php\/wp-json\/wp\/v2\/pages\/6103\/revisions\/6591"}],"wp:attachment":[{"href":"https:\/\/ibergas.net\/index.php\/wp-json\/wp\/v2\/media?parent=6103"}],"curies":[{"name":"wp","href":"https:\/\/api.w.org\/{rel}","templated":true}]}}