{"id":6099,"date":"2015-11-05T10:41:45","date_gmt":"2015-11-05T10:41:45","guid":{"rendered":"https:\/\/ibergas.net\/?page_id=6099"},"modified":"2023-07-10T15:03:05","modified_gmt":"2023-07-10T15:03:05","slug":"consegero-mercancias-peligrosas","status":"publish","type":"page","link":"https:\/\/ibergas.net\/index.php\/consegero-mercancias-peligrosas\/","title":{"rendered":"Consejero mercanc\u00edas peligrosas"},"content":{"rendered":"<p>[vc_row row_type=\u00bbparallax\u00bb content_width=\u00bbgrid\u00bb full_screen_section_height=\u00bbyes\u00bb vertically_align_content_in_middle=\u00bbyes\u00bb parallax_background_image=\u00bb6512&#8243;][vc_column width=\u00bb5\/12&#8243;][\/vc_column][vc_column width=\u00bb7\/12&#8243;]\n<div class=\"qodef-custom-font-holder\" style=\"font-family: Raleway;font-size: 70px;line-height: 83px;font-weight: 600;letter-spacing: 0px;text-align: right;color: #212121\" data-font-size= 70 data-line-height= 83>\n\tConsejero de mercanc\u00edas peligrosas<\/div>[vc_empty_space height=\u00bb24px\u00bb]\n<div class=\"qodef-custom-font-holder\" style=\"font-family: Raleway;font-size: 24px;line-height: 35px;font-weight: 400;letter-spacing: 0px;text-align: right;color: #0f0f0f\" data-font-size= 24 data-line-height= 35>\n\tConsejero de seguridad en transporte de mercanc\u00edas peligrosas<\/div>[vc_empty_space height=\u00bb39px\u00bb][\/vc_column][\/vc_row][vc_row content_width=\u00bbgrid\u00bb css=\u00bb.vc_custom_1446722229051{padding-top: 135px !important;padding-bottom: 128px !important;}\u00bb][vc_column offset=\u00bbvc_col-md-6&#8243;][vc_empty_space height=\u00bb80px\u00bb][vc_column_text]<\/p>\n<h2>Nuestra principal funci\u00f3n como consejero<\/h2>\n<p>[\/vc_column_text][vc_empty_space height=\u00bb22px\u00bb][vc_column_text]<\/p>\n<h4>Es asesorar a las empresas y garantizar el cumplimiento de las normativas y regulaciones aplicables a nivel nacional e internacional.<\/h4>\n<p>[\/vc_column_text][vc_empty_space height=\u00bb40px\u00bb][\/vc_column][vc_column offset=\u00bbvc_col-md-6&#8243;][vc_empty_space height=\u00bb10px\u00bb][vc_single_image image=\u00bb6506&#8243; img_size=\u00bbfull\u00bb css_animation=\u00bbright-to-left\u00bb][vc_empty_space height=\u00bb40px\u00bb][\/vc_column][\/vc_row][vc_row row_type=\u00bbparallax\u00bb content_width=\u00bbgrid\u00bb content_aligment=\u00bbcenter\u00bb full_screen_section_height=\u00bbno\u00bb parallax_background_image=\u00bb4840&#8243; css=\u00bb.vc_custom_1688565443306{padding-top: 116px !important;padding-bottom: 89px !important;}\u00bb el_class=\u00bbcustom-row-icons\u00bb][vc_column][vc_empty_space height=\u00bb30px\u00bb][vc_column_text]<\/p>\n<h3 style=\"text-align: center;\"><strong><span style=\"color: #b5b5b6;\">Las principales funciones de un consejero de seguridad en el tranporte de mercanc\u00edas peligrosas por carrtera son:<\/span><\/strong><\/h3>\n<p>[\/vc_column_text][vc_empty_space height=\u00bb50px\u00bb][\/vc_column][vc_column width=\u00bb1\/6&#8243;][vc_row_inner][vc_column_inner][\/vc_column_inner][\/vc_row_inner][\/vc_column][vc_column width=\u00bb1\/3&#8243; offset=\u00bbvc_col-lg-3 vc_col-md-6&#8243;]    <span class=\"qodef-icon-animation-holder\" style=\"transition-delay: 200ms;-webkit-transition-delay: 200ms;-moz-transition-delay: 200ms;-ms-transition-delay: 200ms\">\n\n    <span class=\"qodef-icon-shortcode normal qodef-icon-animation\" style=\"width: 72px;height: 72px;line-height: 72px\" data-animation-delay=\"200\" data-color=\"#f37d01\">\n        \n        <i class=\"qodef-icon-font-awesome fa fa-commenting-o qodef-icon-element\" style=\"color: #f37d01;font-size:72px\" ><\/i>\n            <\/span>\n\n    <\/span>\n[vc_empty_space height=\u00bb30px\u00bb][vc_column_text]<\/p>\n<h5><span style=\"color: #ffffff;\">Asesoramiento t\u00e9cnico<\/span><\/h5>\n<p>[\/vc_column_text][vc_empty_space height=\u00bb19px\u00bb][vc_column_text]<\/p>\n<p style=\"text-align: left;\"><span style=\"color: #b5b5b6;\">El consejero de seguridad proporciona asesoramiento t\u00e9cnico a las empresas en relaci\u00f3n con el transporte, manipulaci\u00f3n, almacenamiento y embalaje de mercanc\u00edas peligrosas. Esto incluye la interpretaci\u00f3n y aplicaci\u00f3n de las regulaciones espec\u00edficas, como el ADR (Acuerdo Europeo sobre Transporte Internacional de Mercanc\u00edas Peligrosas por Carretera) y las regulaciones nacionales correspondientes.<\/span><\/p>\n<p>[\/vc_column_text][vc_empty_space height=\u00bb50px\u00bb][\/vc_column][vc_column width=\u00bb1\/3&#8243; offset=\u00bbvc_col-lg-3 vc_col-md-6&#8243;]    <span class=\"qodef-icon-animation-holder\" >\n\n    <span class=\"qodef-icon-shortcode normal qodef-icon-animation\" style=\"width: 72px;height: 72px;line-height: 72px\" data-color=\"#f37d01\">\n        \n        <i class=\"qodef-icon-font-awesome fa fa-bookmark-o qodef-icon-element\" style=\"color: #f37d01;font-size:72px\" ><\/i>\n            <\/span>\n\n    <\/span>\n[vc_empty_space height=\u00bb30px\u00bb][vc_column_text]<\/p>\n<h5><span style=\"color: #ffffff;\">Evaluaci\u00f3n de riesgos<\/span><\/h5>\n<p>[\/vc_column_text][vc_empty_space height=\u00bb19px\u00bb][vc_column_text]<\/p>\n<p style=\"text-align: left;\"><span style=\"color: #b5b5b6;\">Realiza evaluaciones de riesgos para identificar los posibles peligros asociados con el transporte de mercanc\u00edas peligrosas y propone medidas preventivas para minimizar esos riesgos. Esto puede implicar la inspecci\u00f3n de instalaciones, veh\u00edculos y equipos utilizados en el transporte.<\/span><\/p>\n<p>[\/vc_column_text][vc_empty_space height=\u00bb50px\u00bb][\/vc_column][vc_column width=\u00bb1\/4&#8243; offset=\u00bbvc_col-lg-3 vc_col-md-6&#8243;]    <span class=\"qodef-icon-animation-holder\" style=\"transition-delay: 600ms;-webkit-transition-delay: 600ms;-moz-transition-delay: 600ms;-ms-transition-delay: 600ms\">\n\n    <span class=\"qodef-icon-shortcode normal qodef-icon-animation\" style=\"width: 72px;height: 72px;line-height: 72px\" data-animation-delay=\"600\" data-color=\"#f37d01\">\n        \n        <i class=\"qodef-icon-font-awesome fa fa-gg qodef-icon-element\" style=\"color: #f37d01;font-size:72px\" ><\/i>\n            <\/span>\n\n    <\/span>\n[vc_empty_space height=\u00bb30px\u00bb][vc_column_text]<\/p>\n<h5><span style=\"color: #ffffff;\">Seguimiento de regulaciones<\/span><\/h5>\n<p>[\/vc_column_text][vc_empty_space height=\u00bb19px\u00bb][vc_column_text]<\/p>\n<p style=\"text-align: left;\"><span style=\"color: #b5b5b6;\">Mantiene actualizada la empresa sobre los cambios en las regulaciones y requisitos relacionados con el transporte de mercanc\u00edas peligrosas. Asesora sobre los cambios necesarios en los procedimientos y pol\u00edticos de seguridad para cumplir con los est\u00e1ndares legales y de seguridad aplicables.<\/span><\/p>\n<p>[\/vc_column_text][vc_empty_space height=\u00bb50px\u00bb][\/vc_column][\/vc_row][vc_row content_width=\u00bbgrid\u00bb content_aligment=\u00bbcenter\u00bb css=\u00bb.vc_custom_1446723445717{padding-top: 103px !important;padding-bottom: 42px !important;}\u00bb][vc_column][vc_column_text]<\/p>\n<h2>Crucial para prevenci\u00f3n de riesgos<\/h2>\n<p>[\/vc_column_text][vc_empty_space height=\u00bb22px\u00bb][vc_column_text]<\/p>\n<h4>El consejero de seguridad en el transporte de mercanc\u00edas peligrosas por carretera desempe\u00f1a un papel curicial en la prevenci\u00f3n de accidentes y en la protecci\u00f3n de la salud y el meido ambiente. Su conocimiento especializado y asesoramiento contribuyen a garantizar que las empresas cumplan con las regulaciones y los est\u00e1ndares de seguridad establecidos, minimizando los riesgos asociados con el transporte de mercanc\u00edas peligrosas.<\/h4>\n<p>[\/vc_column_text][vc_empty_space height=\u00bb40px\u00bb][\/vc_column][\/vc_row][vc_row content_width=\u00bbgrid\u00bb content_aligment=\u00bbcenter\u00bb][vc_column]<div class=\"qodef-elements-holder qodef-responsive-mode-768\" ><div class=\"qodef-elements-holder-item qodef-vertical-alignment-bottom qodef-horizontal-alignment-center\" >\n\t<div class=\"qodef-elements-holder-item-inner\">\n\t\t<div class=\"qodef-elements-holder-item-content qodef-elements-holder-custom-953560\" style=\"padding: 0 0 0 0\">\n\t\t\t\t\t\t[vc_single_image image=\u00bb6718&#8243; img_size=\u00bbmedium\u00bb alignment=\u00bbcenter\u00bb css_animation=\u00bbbottom-to-top\u00bb][vc_empty_space height=\u00bb60px\u00bb]\t\t<\/div>\n\t<\/div>\n<\/div><\/div>[\/vc_column][\/vc_row][vc_row content_aligment=\u00bbcenter\u00bb css_animation=\u00bbqodef-element-from-fade\u00bb css=\u00bb.vc_custom_1688629660754{background-image: url(https:\/\/ibergas.net\/wp-content\/uploads\/2023\/06\/28287-azul-oscuro1.png?id=6220) !important;}\u00bb][vc_column][vc_empty_space height=\u00bb45px\u00bb]\n\n\t<div class=\"qodef-call-to-action normal\">\n\n\t\t\t\t<div class=\"qodef-container-inner\">\n\t\t\t\t\t<div class=\"qodef-call-to-action-row-75-25 clearfix\" style=\"padding: 54px 0px;\">\n\t\t\n\t\t\t\t<div class=\"qodef-text-wrapper qodef-call-to-action-column1 qodef-call-to-action-cell\">\n\n\t\t\t\t\n\t\t\t\t\t<div class=\"qodef-call-to-action-text\" >\n\t\t\t\t\t\t\n<h1><span style=\"color: #ffffff;\">\u00a1Obt\u00e9n asesoramiento gratuito!<\/span><\/h1>\n<h1><strong style=\"color: #ffffff; font-size: 16px;\">Contacte ahora con nuestro departamento t\u00e9cnico<\/strong><\/h1>\n<h1><\/h1>\n<h1><\/h1>\n\t\t\t\t\t<\/div>\n\n\t\t\t\t<\/div>\n\n\t\t\t\t\n\t\t\t\t\t<div class=\"qodef-button-wrapper qodef-call-to-action-column2 qodef-call-to-action-cell\" style =\"text-align: right ;\">\n\n\t\t\t\t\t\t<a href=\"https:\/\/ibergas.net\/index.php\/contacto\/\" target=\"_self\" style=\"color: #ffffff\" class=\"qodef-btn qodef-btn-medium qodef-btn-outline qodef-btn-custom-border-hover qodef-btn-custom-hover-color qodef-btn-icon\" data-hover-color=\"#ffffff\" data-hover-border-color=\"#ffffff\" >        <span class=\"qodef-btn-text\">Contactar ahora<\/span>    <span class=\"qodef-btn-text-icon\"><i class=\"qodef-icon-simple-line-icon icon-arrow-right-circle \" ><\/i><\/span><\/a>\n\t\t\t\t\t<\/div>\n\n\t\t\t\t\n\t\t\t<\/div>\n\n\t\t\t\t<\/div>\n\t\t\n\t<\/div>\n\n[\/vc_column][\/vc_row]<\/p>\n","protected":false},"excerpt":{"rendered":"<p>[vc_row row_type=\u00bbparallax\u00bb content_width=\u00bbgrid\u00bb full_screen_section_height=\u00bbyes\u00bb vertically_align_content_in_middle=\u00bbyes\u00bb parallax_background_image=\u00bb6512&#8243;][vc_column width=\u00bb5\/12&#8243;][\/vc_column][vc_column width=\u00bb7\/12&#8243;][vc_empty_space height=\u00bb24px\u00bb][vc_empty_space height=\u00bb39px\u00bb][\/vc_column][\/vc_row][vc_row content_width=\u00bbgrid\u00bb css=\u00bb.vc_custom_1446722229051{padding-top: 135px !important;padding-bottom: 128px !important;}\u00bb][vc_column offset=\u00bbvc_col-md-6&#8243;][vc_empty_space height=\u00bb80px\u00bb][vc_column_text] Nuestra principal funci\u00f3n&#8230;<\/p>\n","protected":false},"author":1,"featured_media":0,"parent":0,"menu_order":0,"comment_status":"closed","ping_status":"closed","template":"full-width.php","meta":{"footnotes":""},"class_list":["post-6099","page","type-page","status-publish","hentry"],"_links":{"self":[{"href":"https:\/\/ibergas.net\/index.php\/wp-json\/wp\/v2\/pages\/6099","targetHints":{"allow":["GET"]}}],"collection":[{"href":"https:\/\/ibergas.net\/index.php\/wp-json\/wp\/v2\/pages"}],"about":[{"href":"https:\/\/ibergas.net\/index.php\/wp-json\/wp\/v2\/types\/page"}],"author":[{"embeddable":true,"href":"https:\/\/ibergas.net\/index.php\/wp-json\/wp\/v2\/users\/1"}],"replies":[{"embeddable":true,"href":"https:\/\/ibergas.net\/index.php\/wp-json\/wp\/v2\/comments?post=6099"}],"version-history":[{"count":45,"href":"https:\/\/ibergas.net\/index.php\/wp-json\/wp\/v2\/pages\/6099\/revisions"}],"predecessor-version":[{"id":6721,"href":"https:\/\/ibergas.net\/index.php\/wp-json\/wp\/v2\/pages\/6099\/revisions\/6721"}],"wp:attachment":[{"href":"https:\/\/ibergas.net\/index.php\/wp-json\/wp\/v2\/media?parent=6099"}],"curies":[{"name":"wp","href":"https:\/\/api.w.org\/{rel}","templated":true}]}}